{"id":35,"date":"2014-08-17T20:33:44","date_gmt":"2014-08-17T20:33:44","guid":{"rendered":"http:\/\/schwedenhaus-och.de\/schwedenhaus\/?page_id=35"},"modified":"2025-07-17T11:39:59","modified_gmt":"2025-07-17T09:39:59","slug":"preise","status":"publish","type":"page","link":"https:\/\/schwedenhaus-och.de\/?page_id=35","title":{"rendered":"Preise"},"content":{"rendered":"<p><strong>Unsere Mietpreise<\/strong>:<br \/>\n27.12.2025 &#8211; 03.01.2026: \u20ac 550,-<br \/>\n03.01.2026 &#8211; 02.05.2026: \u20ac 400,-<br \/>\n02.05.2026 &#8211; 13.06.2026: \u20ac 500,-<br \/>\n13.06.2026 &#8211; 15.08.2026: \u20ac 600,-<br \/>\n15.08.2026 &#8211; 05.09.2026: \u20ac 500,-<br \/>\n05.09.2026 &#8211; 19.12.2026: \u20ac 400,-<br \/>\n19.12.2026 &#8211; 26.12.2026: \u20ac 600,-<\/p>\n<p>jeweils pro Woche<\/p>\n<p><strong>Mietbedingungen:<\/strong><\/p>\n<p>Das Haus wird in der Hauptsaison wochenweise ab Samstag vermietet. In der Zwischen- und Nebensaison kann der Mietzeitraum beliebig (mindestens jedoch eine Woche) gew\u00e4hlt werden.<\/p>\n<p>Nebenkosten f\u00fcr Strom, Brennholz, etc. entstehen nicht.<\/p>\n<p>Die Endreinigung ist vom Mieter vorzunehmen. Bettw\u00e4sche, Handt\u00fccher und Geschirrt\u00fccher m\u00fcssen mitgebracht werden.<\/p>\n<p>Rauchen ist im Haus nicht gestattet.<\/p>\n<p>Bitte haben Sie Verst\u00e4ndnis daf\u00fcr, dass wir im Interesse der nachfolgenden G\u00e4ste keine Haustiere akzeptieren k\u00f6nnen.<\/p>\n<p>Bei der Buchung ist eine Anzahlung von 50,&#8211; Euro zu leisten; der restliche Mietpreis zuz\u00fcglich einer Kaution von 100,&#8211; Euro (Erstattung nach Schl\u00fcsselr\u00fcckgabe) muss bis sp\u00e4testens 14 Tage vor Reiseantritt eingegangen sein. Wir \u00fcbersenden Ihnen dann die Schl\u00fcssel und die Wegbeschreibung.<\/p>\n","protected":false},"excerpt":{"rendered":"<p>Unsere Mietpreise: 27.12.2025 &#8211; 03.01.2026: \u20ac 550,- 03.01.2026 &#8211; 02.05.2026: \u20ac 400,- 02.05.2026 &#8211; 13.06.2026: \u20ac 500,- 13.06.2026 &#8211; 15.08.2026: \u20ac 600,- 15.08.2026 &#8211; 05.09.2026: \u20ac 500,- 05.09.2026 &#8211; 19.12.2026: \u20ac 400,- 19.12.2026 &#8211; 26.12.2026: \u20ac 600,- jeweils pro Woche Mietbedingungen: Das Haus wird in der Hauptsaison wochenweise ab Samstag vermietet. In der Zwischen- und [&hellip;]<\/p>\n","protected":false},"author":1,"featured_media":0,"parent":0,"menu_order":0,"comment_status":"closed","ping_status":"closed","template":"","meta":{"jetpack_post_was_ever_published":false,"footnotes":""},"class_list":["post-35","page","type-page","status-publish","hentry"],"jetpack_shortlink":"https:\/\/wp.me\/P4WQUQ-z","jetpack_sharing_enabled":true,"_links":{"self":[{"href":"https:\/\/schwedenhaus-och.de\/index.php?rest_route=\/wp\/v2\/pages\/35","targetHints":{"allow":["GET"]}}],"collection":[{"href":"https:\/\/schwedenhaus-och.de\/index.php?rest_route=\/wp\/v2\/pages"}],"about":[{"href":"https:\/\/schwedenhaus-och.de\/index.php?rest_route=\/wp\/v2\/types\/page"}],"author":[{"embeddable":true,"href":"https:\/\/schwedenhaus-och.de\/index.php?rest_route=\/wp\/v2\/users\/1"}],"replies":[{"embeddable":true,"href":"https:\/\/schwedenhaus-och.de\/index.php?rest_route=%2Fwp%2Fv2%2Fcomments&post=35"}],"version-history":[{"count":24,"href":"https:\/\/schwedenhaus-och.de\/index.php?rest_route=\/wp\/v2\/pages\/35\/revisions"}],"predecessor-version":[{"id":934,"href":"https:\/\/schwedenhaus-och.de\/index.php?rest_route=\/wp\/v2\/pages\/35\/revisions\/934"}],"wp:attachment":[{"href":"https:\/\/schwedenhaus-och.de\/index.php?rest_route=%2Fwp%2Fv2%2Fmedia&parent=35"}],"curies":[{"name":"wp","href":"https:\/\/api.w.org\/{rel}","templated":true}]}}